 151 + 53. List the prime factors of x.
2, 3, 17
What are the prime factors of 48/(-4) + 5 - -1098?
1091
Suppose -v = 5 - 7. Suppose 2 = -v*j - 0. List the prime factors of (2 + j)*(17 + 0).
17
Let s be 0 + (0 - 2) + 5. Suppose s*q = -o - 2 - 2, 3*q + 14 = 4*o. List the prime factors of 0 - o - (-108)/4.
5
Let b = -56 + 3. Let p = -9 - b. What are the prime factors of p?
2, 11
Let z = 82 - 80. Suppose 5*g - 285 = -y, 0 = -z*y - 3*y - g + 1353. List the prime factors of y.
2, 3, 5
Suppose -3249 = -3*t - 2*w, 1708 + 457 = 2*t + w. What are the prime factors of t?
23, 47
Suppose 0 = 4*g + 3*n - 7369, 19*n - 21*n - 5531 = -3*g. What are the prime factors of g?
19, 97
Suppose 6*d = 19*d + 26. What are the prime factors of (-2763)/(-39) + 140/65 + d?
71
What are the prime factors of (-8)/22 + 441265/605?
3
Let v(w) = 7*w + 1 + 4*w - 6*w. Let r be v(2). Let u = r - -12. List the prime factors of u.
23
Let i(p) = -p**3 + 11*p**2 + p - 16. Let h be i(11). Let x(j) = 2*j**2 - 6*j - 9. What are the prime factors of x(h)?
71
Let o(r) = r**2 - 5*r + 8. Let i be o(4). Suppose 2*c = -2*d + 26, 0 = -2*d + d + i*c - 12. What are the prime factors of d?
2
Let n(m) = m**2 + 26*m + 48. Let p be n(-20). List the prime factors of p/(-90) - (-542)/10.
5, 11
Let l be 4/(-16) + (-97)/(-4). Let j be (12/(-16))/(2/l). Let t(m) = m**2 + 7*m - 8. List the prime factors of t(j).
2, 5
Let x = 63 - -34. Suppose -2*y + 107 = -x. List the prime factors of y.
2, 3, 17
Let c(v) be the second derivative of -v**5/20 - v**4/12 + v**3/3 + 3*v**2/2 + 4*v. Let h be c(-2). Suppose -4*p = h - 11. List the prime factors of p.
2
Let d(m) = m**2 - 12*m - 4. Let z be d(11). What are the prime factors of (-1137)/(-15) + (-3)/z?
2, 19
Let o(a) = 47*a**2 - 9*a - 38. List the prime factors of o(-9).
2, 5, 7, 11
Let b(u) = 21*u - 11. Let k(q) = -7*q + 4. Let t(p) = 6*b(p) + 17*k(p). Let n = -2 - -8. List the prime factors of t(n).
2, 11
Suppose -5*g = -5*v + 5, 6*v - 2*v - g = 7. Let u = -186 - -186. Suppose -3*q + v*q + 11 = u. What are the prime factors of q?
11
Let d = 885 + 219. What are the prime factors of d?
2, 3, 23
What are the prime factors of (-109*(-10)/6)/(9/27)?
5, 109
Let o = -143 + 87. Let f = 66 + o. List the prime factors of f.
2, 5
Suppose 4*c - 217 = 3*k, 0 = 4*c - 2*c - 4*k - 116. Suppose -r + 11 = 2*h, 5*r - r + 4*h - c = 0. List the prime factors of r.
3, 5
Let l = -300 - -1474. What are the prime factors of l?
2, 587
Let j(w) = 24*w**2 + 10*w - 2. List the prime factors of j(-5).
2, 137
Let l(r) be the second derivative of 0 + 7/6*r**3 - 3*r**2 + 1/20*r**5 + 9*r + 3/4*r**4. What are the prime factors of l(-7)?
43
Let f = 7 - 5. Suppose -7 + f = 4*z + 5*b, -15 = 3*b. Suppose -c + 15 = -z. What are the prime factors of c?
2, 5
Suppose -5*a = -2*a + 18. What are the prime factors of (-298)/a*(0 - 1 - -4)?
149
Let g = 7083 - 3762. List the prime factors of g.
3, 41
Let a = 1458 + -759. What are the prime factors of a?
3, 233
What are the prime factors of (7 + (-2036)/20)/(6/(-20))?
2, 79
Let p be ((-3)/2)/(1/14). Let s be (p/9 + 2)*-3. List the prime factors of (4 - 1) + s + 1.
5
Let j = -30 + 34. Suppose -j*q + 5*q - 54 = 2*m, -245 = -5*q + 5*m. Let k = q - 29. What are the prime factors of k?
3, 5
Suppose 18*y - 2895 - 4323 = 0. What are the prime factors of y?
401
Let r be -1 - ((0 - 4) + 1). Suppose 882 = 7*s + r*s. List the prime factors of s.
2, 7
Suppose -34813 = -4*q - 27*q. List the prime factors of q.
1123
Let u = 663 - 378. List the prime factors of u.
3, 5, 19
Suppose 17 = 8*v + 1. Let l(s) = -17 - v - 2*s + 13*s + 0*s. List the prime factors of l(8).
3, 23
Let a(h) be the second derivative of h**3/6 + 16*h**2 - 34*h. List the prime factors of a(-12).
2, 5
Let o be (-14 - 63)/(-2 - -3). Let h = 142 + o. What are the prime factors of h?
5, 13
Suppose -381 = -9*t + 141. What are the prime factors of t + (5/2 + -3)*6?
5, 11
Let j(c) = -16*c**3 + 46*c**2 - 34*c - 1. Let p(m) = -3*m**3 + 9*m**2 - 7*m. Let h(w) = 2*j(w) - 11*p(w). List the prime factors of h(6).
2
Suppose -4*s = -15*s + 2772. What are the prime factors of s?
2, 3, 7
Let i(j) = j - 1. Let k be i(4). Let l(a) = -2*a + 3. Let z be l(k). What are the prime factors of 11 - (z + (2 - 1))?
13
Let j = 185 + -96. Let s(m) = 40*m + 4. Let a be s(3). Let p = a - j. What are the prime factors of p?
5, 7
Suppose 4 = -s, -3*j - j + 4*s = -1480. Suppose d - j = -5*d. List the prime factors of d.
61
Let x = -965 - -1579. What are the prime factors of x?
2, 307
Suppose -27*d + 34*d = 1134. Suppose h - d = 108. List the prime factors of h.
2, 3, 5
Let u be 5/(-2) + 1/2. Let x be 2/(4/u)*-2. Suppose -n + 0*i = x*i - 4, 3*i - 16 = -4*n. List the prime factors of n.
2
Suppose -3*i = 3*c - 2364, 4*c = 5*i + c - 3932. Let q = i - 543. List the prime factors of q.
2, 61
Suppose 627*b - 628*b = -2358. List the prime factors of b.
2, 3, 131
Suppose -2*g + 1428 + 160 = 2*y, -y - 4*g = -797. List the prime factors of y.
13, 61
Suppose -16537 = -22*d + 73949. List the prime factors of d.
3, 457
Let z(s) = -s**2 - 13*s + 2. Let f be z(-13). Suppose -j + 69 = f*k, 0*k + 2*k + 2*j = 72. Let q = k + 5. List the prime factors of q.
2, 19
Suppose 10 - 4 = -a. Let y(r) = 2*r**2. What are the prime factors of y(a)?
2, 3
Suppose -v = -5*x + 1775 + 398, 4*v = -5*x + 2158. Suppose -6*r = -394 - x. What are the prime factors of r?
2, 3, 23
Let o be 0 + (-2 - -14) + -1. Let m(h) = -9*h**2 - 56*h - 6. Let l be m(-6). Suppose 163 = l*k - o. What are the prime factors of k?
29
Let b = 10 - 8. Let g(l) = -15*l**2 + 2*l + 1. Let r be g(b). List the prime factors of ((-24)/15)/(2/r).
2, 11
Let g(j) = 4*j - 1. Let a be g(3). Suppose -6 = -4*d + 3*h, -3*d + h + a = 2*h. Suppose -4*x - 5*b = -52, -d*b = x - 17 + 4. List the prime factors of x.
13
Suppose -l + 63 = -4*i, -5*l + i = -0*i - 334. What are the prime factors of (-4)/(8/(-2))*l?
67
Let b(n) be the first derivative of n**3/3 + 3*n**2 - 15*n + 30. What are the prime factors of b(10)?
5, 29
Suppose 5*z - 1038 = -0*s - 2*s, 5*s = -4*z + 2612. What are the prime factors of s?
2, 131
Let j(s) = 14*s**2 + 29*s + 25. What are the prime factors of j(-13)?
2, 19, 53
Let n = 241 + 479. What are the prime factors of n?
2, 3, 5
Let a(r) be the third derivative of r**5/60 + 5*r**4/6 + 23*r**3/6 - 6*r**2. Let k be a(-19). List the prime factors of (k/6)/(19/456).
2
Let k be 30/40 - 1514/(-8). Let i be (-2)/(-8) - k/(-40). Suppose -i*f - 61 + 176 = 0. List the prime factors of f.
23
What are the prime factors of 12/30 - 1873/(-5)?
3, 5
Let r = 33 - 11. Let p = 182 + r. What are the prime factors of p?
2, 3, 17
Let p(o) = 4*o**2 - 2*o**2 - o**2. Let n be p(0). Suppose n = -4*x + x + 153. List the prime factors of x.
3, 17
Suppose -74*r = -30*r - 38456. What are the prime factors of r?
2, 19, 23
Suppose 355 = -6*g + 6907. Suppose -o + 14*o = g. What are the prime factors of o?
2, 3, 7
Suppose -k - 87 = 81. Let r be 2 + 3 - (0 - -2). List the prime factors of (r/6)/((-3)/k).
2, 7
Let y(j) = -31*j - 7. Let u(q) = -46*q - 10. Let g(l) = 5*u(l) - 7*y(l). What are the prime factors of g(-8)?
103
Suppose -2*z + 5604 - 1746 = 4*r, 0 = 2*z - 4*r - 3834. List the prime factors of z.
3, 641
Let z be 3/1 - (-35 - -3). Suppose 0*f = -5*f + z. Let t = f + -4. List the prime factors of t.
3
Suppose 974 = 2*w - 5*p, 31*p = -w + 27*p + 500. List the prime factors of w.
2, 3, 41
Suppose 1083 = 3*i - 354. What are the prime factors of i?
479
Let j(x) = 10*x**2 + 8*x. Let k be j(9). What are the prime factors of k/28*4/6?
3, 7
Let v(q) = 2*q**2 - 18*q + 65. What are the prime factors of v(12)?
137
Let r(t) be the third derivative of t**4/6 - 4*t**3/3 - 19*t**2. What are the prime factors of r(10)?
2
Let i(b) = -b**3 + 9*b**2 + b + 10. Let t be i(8). List the prime factors of t - 3/15*5.
3
Suppose -4*g + 3*g = 5. Let c(o) = -1 - 3*o**3 - 37*o - 32*o + 4*o**3 + 62*o + 5*o**2. List the prime factors of c(g).
2, 17
Let l(j) = -6 - 17*j**2 - 6*j**2 + j + 6. Let n be l(1). Let t = 42 + n. What are the prime factors of t?
2, 5
Let f(l) = -17*l - 199. What are the prime factors of f(-40)?
13, 37
Suppose 0 = 5*w - 2*a - 136, w = -3*a + 24 + 10. What are the prime factors of 3/(58/w + -2)?
2, 3, 7
Suppose -2*i - 2244 = -5*i + 5*f, 0 =